of 12?
False
Does 46 divide 78114?
False
Does 11 divide 96024?
False
Does 5 divide 689?
False
Is 368 a factor of 313357?
False
Does 3 divide 20315?
False
Does 168 divide 7458864?
True
Is 515955 a multiple of 27?
False
Is 77 a factor of 24712?
False
Is 115528 a multiple of 244?
False
Does 28 divide 96822?
False
Is 187964 a multiple of 37?
False
Is 8053479 a multiple of 63?
True
Does 10 divide 82566?
False
Is 161040 a multiple of 14?
False
Is 416322 a multiple of 687?
True
Is 164032 a multiple of 88?
True
Is 920 a factor of 1776596?
False
Is 68 a factor of 1521092?
True
Does 10 divide 3308675?
False
Does 5 divide 36327?
False
Is 38060 a multiple of 20?
True
Does 61 divide 3079829?
True
Is 217 a factor of 514507?
True
Is 440324 a multiple of 53?
True
Is 9 a factor of 369468?
True
Is 8 a factor of 312784?
True
Does 15 divide 2210156?
False
Does 7 divide 56307?
False
Is 3723590 a multiple of 5?
True
Is 172 a factor of 1248855?
False
Is 6055203 a multiple of 7?
True
Does 7 divide 80641?
False
Is 184297 a multiple of 8?
False
Is 891587 a multiple of 29?
False
Is 116736 a multiple of 6?
True
Is 354465 a multiple of 17?
False
Is 5 a factor of 812130?
True
Does 95 divide 136610?
True
Does 148 divide 195508?
True
Is 188941 a multiple of 2?
False
Is 17673 a multiple of 137?
True
Does 69 divide 980559?
True
Does 15 divide 240?
True
Is 1303919 a multiple of 12?
False
Is 9 a factor of 1448345?
False
Is 25 a factor of 76705?
False
Is 86364 a multiple of 6?
True
Does 48 divide 2998193?
False
Is 492060 a multiple of 695?
True
Is 27184 a multiple of 8?
True
Is 180 a factor of 1186883?
False
Does 85 divide 426870?
True
Does 393 divide 166882?
False
Is 13 a factor of 5590533?
True
Is 7 a factor of 447440?
True
Is 442043 a multiple of 145?
False
Does 86 divide 1479437?
False
Is 387571 a multiple of 107?
False
Does 134 divide 1213102?
True
Does 73 divide 247052?
False
Is 25 a factor of 27292?
False
Does 22 divide 1199185?
False
Is 33 a factor of 1652442?
True
Is 22 a factor of 1009264?
False
Is 332924 a multiple of 15?
False
Does 188 divide 19476755?
False
Is 650 a factor of 987350?
True
Is 580 a factor of 1227280?
True
Is 417795 a multiple of 115?
True
Is 1856855 a multiple of 55?
True
Is 4 a factor of 1809704?
True
Does 117 divide 543933?
True
Does 38 divide 381026?
True
Is 477033 a multiple of 14?
False
Is 725598 a multiple of 54?
True
Is 115368 a multiple of 132?
True
Does 14 divide 369068?
True
Is 4 a factor of 161524?
True
Is 7912155 a multiple of 173?
True
Does 613 divide 193215?
False
Is 303867 a multiple of 171?
True
Does 205 divide 1158055?
False
Is 2314276 a multiple of 76?
True
Is 445932 a multiple of 12?
True
Does 14 divide 560084?
True
Does 1380 divide 5315760?
True
Is 127296 a multiple of 52?
True
Is 850 a factor of 922432?
False
Is 1484356 a multiple of 411?
False
Is 21 a factor of 63121?
False
Is 11 a factor of 430536?
False
Is 639541 a multiple of 7?
True
Is 23 a factor of 3166587?
False
Does 1021 divide 1242557?
True
Is 9527480 a multiple of 85?
True
Does 15 divide 1347448?
False
Is 24 a factor of 485040?
True
Does 175 divide 143764?
False
Does 14 divide 1421476?
True
Is 706 a factor of 537477?
False
Is 131 a factor of 238158?
True
Is 1383615 a multiple of 333?
True
Is 39276 a multiple of 36?
True
Is 182864 a multiple of 44?
True
Is 208339 a multiple of 210?
False
Does 252 divide 396541?
False
Is 116787 a multiple of 502?
False
Does 34 divide 6301427?
False
Is 386536 a multiple of 4?
True
Is 74980 a multiple of 23?
True
Does 121 divide 777639?
False
Does 946 divide 10855350?
True
Does 5 divide 94575?
True
Is 231903 a multiple of 21?
True
Does 18 divide 15029?
False
Does 126 divide 395363?
False
Is 13 a factor of 62643?
False
Is 99899 a multiple of 40?
False
Does 12 divide 1861532?
False
Is 94248 a multiple of 34?
True
Does 17 divide 2014823?
True
Does 4 divide 19716?
True
Is 4179037 a multiple of 200?
False
Is 26233248 a multiple of 48?
True
Is 2894357 a multiple of 573?
False
Is 305851 a multiple of 20?
False
Is 311249 a multiple of 7?
False
Is 253 a factor of 4734728?
False
Is 730 a factor of 4503830?
False
Is 165452 a multiple of 311?
True
Is 1110899 a multiple of 17?
True
Does 14 divide 803235?
False
Is 849 a factor of 757308?
True
Does 5 divide 111514?
False
Is 12 a factor of 4006486?
False
Is 16 a factor of 63392?
True
Is 454296 a multiple of 113?
False
Does 424 divide 2830200?
True
Is 319 a factor of 165880?
True
Does 96 divide 348192?
True
Does 493 divide 1093967?
True
Is 5 a factor of 839372?
False
Is 191514 a multiple of 10?
False
Is 446 a factor of 2243380?
True
Is 24171 a multiple of 6?
False
Does 42 divide 1302?
True
Is 3295547 a multiple of 26?
False
Is 1720866 a multiple of 1236?
False
Is 1008 a factor of 1579536?
True
Is 263978 a multiple of 17?
False
Does 44 divide 362438?
False
Is 274 a factor of 3247448?
True
Is 233 a factor of 128336?
False
Does 486 divide 1333584?
True
Does 60 divide 2624356?
False
Is 126806 a multiple of 6?
False
Does 136 divide 207944?
True
Does 176 divide 280896?
True
Does 18 divide 27412?
False
Is 45531 a multiple of 16?
False
Is 20 a factor of 5942653?
False
Is 1775713 a multiple of 6?
False
Is 18 a factor of 360926?
False
Is 156 a factor of 570859?
False
Does 21 divide 108470?
False
Is 967138 a multiple of 38?
True
Does 12 divide 2070240?
True
Does 118 divide 7759208?
True
Does 553 divide 158711?
True
Does 126 divide 322056?
True
Does 29 divide 41085?
False
Does 250 divide 347750?
True
Is 179261 a multiple of 86?
False
Is 84 a factor of 548994?
False
Does 13 divide 176115?
False
Is 49 a factor of 173132?
False
Is 36310 a multiple of 76?
False
Does 29 divide 950272?
True
Is 49 a factor of 285618?
False
Does 514 divide 1402715?
False
Is 178 a factor of 54824?
True
Is 429 a factor of 189053?
False
Is 221 a factor of 1074692?
False
Is 87 a factor of 442982?
False
Is 11 a factor of 48912?
False
Does 474 divide 5891647?
False
Does 93 divide 117180?
True
Does 128 divide 9216?
True
Is 23501260 a multiple of 530?
True
Is 9621404 a multiple of 1494?
False
Is 214559 a multiple of 90?
False
Does 970 divide 1067970?
True
Is 11726 a multiple of 3?
False
Is 35 a factor of 1650997?
False
Is 678816 a multiple of 12?
True
Is 2884 a factor of 12651444?
False
Does 124 divide 10927122?
False
Does 31 divide 4991?
True
Is 34 a factor of 5719650?
True
Does 380 divide 3908162?
False
Is 3819044 a multiple of 214?
True
Is 718 a factor of 13071908?
True
Is 198540 a multiple of 19?
False
Does 12 divide 108959?
False
Does 11 divide 1545028?
False
Is 3002625 a multiple of 70?
False
Is 68 a factor of 223656?
False
Is 1031312 a multiple of 11?
False
Is 221542 a multiple of 5?
False
Is 55888 a multiple of 123?
False
Does 79 divide 18828?
False
Does 465 divide 1923705?
True
Is 1524 a factor of 1091184?
True
Is 2153902 a multiple of 46?
False
Is 6 a factor of 4603?
False
Is 71 a factor of 1574157?
False
Is 4675687 a multiple of 270?
False
Is 1198065 a multiple of 583?
True
Is 18165 a multiple of 22?
False
Is 410 a factor of 1993883?
False
Is 3314866 a multiple of 96?
False
Is 146 a factor of 28735?
False
Is 51 a factor of 272623?
False
Does 93 divide 2372871?
False
Is 620248 a multiple of 31?
True
Does 26 divide 137436?
True
Does 7 divide 79893?
False
Is 56 a factor of 87204?
False
Is 3 a factor of 12888?
True
Does 24 divide 212509?
False
Is 16 a factor of 5488?
True
Does 65 divide 14950?
True
Is 58032 a multiple of 3?
True
Is 15 a factor of 1128891?
False
Is 123881 a multiple of 2?
False
Does 9 divide 4347861?
False
Is 633 a factor of 1635155?
False
Is 2975876 a multiple of 466?
True
Does 145 divide 10462251?
False
Does 104 divide 205217?
False
Is 637840 a multiple of 28?
True
Does 34 divide 275536?
True
Is 8 a factor of 138374?
False
Is 388908 a multiple of 21?
False
Does 10 divide 142790?
True
Is 1906 a factor of 660595?
False
Is 4893391 a multiple of 41?
True
Does 6 divide 73907?
False
Does 169 divide 3301415?
True
Does 534 divide 3129434?
False
Is 1271256 a multiple of 7?
True
Is 72 a factor of 5229544?
False
Is 106 a factor of 250925?
False
Is 16 a factor of 105168?
True
Is 245 a factor of 2986550?
True
Is 834956 a multiple of 303?
False
Is 13 a factor of 390130?
True
Is 8 a factor of 2646152?
True
Is 610200 a multiple of 12?
Tr